= 8 - 4. Suppose 4*b = -3*u + 22, -5*b + 0*u + 4*u + 12 = 0. What is the remainder when b is divided by n?
0
Let d(a) = -a**2 + 12*a + 44. What is the remainder when d(13) is divided by 23?
8
Calculate the remainder when 2*83 - (0 + 1) is divided by (0 - 1 - -16) + 27.
39
Let b(a) = a**3 - 8*a + 15. Calculate the remainder when b(4) is divided by 10.
7
Calculate the remainder when 5641/24 - 19/456 is divided by 42.
25
Let o = 22 + -20. Suppose 2*v = -o*y + 40, -2*v - 5*y = -2*y - 43. What is the remainder when 166 is divided by v?
13
Let u = -7 - -12. Suppose -2*t = -u*f + 500, -4*t - 15 = 5. What is the remainder when f is divided by 26?
20
Suppose -2*k - 6 = -4*k. Suppose -64 = -k*i - i. What is the remainder when 78 is divided by i?
14
Let d(w) = -w**2 + w. Let i(y) = y**3 + 9*y**2 + 18*y - 14. Let f(a) = -6*d(a) + i(a). Calculate the remainder when (5 - 1)*(-13)/(-2) is divided by f(-14).
12
Suppose -4*z - 11 = -111. Let s = -3037 + 3051. What is the remainder when z is divided by s?
11
Let a(c) = -c**3 + 28*c**2 - 27*c + 16. What is the remainder when 223 is divided by a(27)?
15
Let g(s) = -10*s. Let r = 85 + -69. What is the remainder when g(-3) is divided by r?
14
Let v = -19 + 19. Suppose -3*s + 5*s - 76 = v. What is the remainder when s is divided by 15 + -2 + 1 + -1?
12
Let y = -10 + 26. Suppose -4*v + 8 = -y. Calculate the remainder when 18 is divided by v.
0
Let y(t) = 2*t**2 + 18*t + 20. What is the remainder when 204 is divided by y(-1)?
0
Let c = -1434 - -1443. What is the remainder when c is divided by 6?
3
Let p(n) = -n**2 + 6*n - 3. Let i be p(3). Let g = i + 5. Let r = -1035 - -1067. What is the remainder when r is divided by g?
10
Let p = -15 - -24. Let n = p - -38. Suppose 6*f = n + 13. What is the remainder when 47 is divided by f?
7
Suppose -2*v = -5*v + 15. Suppose 0 = 13*u + 3*u - 544. Calculate the remainder when u is divided by v.
4
Suppose 12 = -2*k - 16. Let h(u) = u**3 + 15*u**2 + 14*u + 11. Calculate the remainder when h(k) is divided by 7.
4
Let j = 126 + -76. Let f be (-1)/(-2)*-2 + 5. Calculate the remainder when j is divided by f/6 - (-684)/27.
24
Let r = -14 + 27. Let p(n) = -2*n**2 + n + 8. Let h(b) = -b**2 + b + 7. Let z(c) = 4*h(c) - 3*p(c). Calculate the remainder when r is divided by z(0).
1
Let i(n) = -n**2 - 3*n**2 + 5*n**2 - 3 + 8 + 8*n. Suppose -5*z + z + 48 = 0. What is the remainder when z is divided by i(-8)?
2
Calculate the remainder when 70 is divided by (-5 - 0) + (18 - 7).
4
What is the remainder when 139 is divided by 9/(180/(-2600))*(-2)/4?
9
Let g(q) = q**2 - 14*q + 39. Calculate the remainder when 95 is divided by g(14).
17
Let c = 1 - -8. Let b = 0 + 13. Suppose -25 = -b*l + 8*l. Calculate the remainder when c is divided by l.
4
Let o = -150 - -171. Calculate the remainder when o is divided by 4.
1
What is the remainder when 2734/10 - (296/40 - 7) is divided by 5?
3
Let v = -464 + 531. Calculate the remainder when v is divided by 21.
4
Let n(y) = 13 + 13*y**2 - 4 + 3*y - 6. Let i(j) = -4*j**3 + j**2 + j. Let s be i(1). Calculate the remainder when n(s) is divided by 10.
9
Let o(z) = 28*z**2 - z - 2. What is the remainder when 148 is divided by o(-1)?
13
Let f(o) = 3*o**2 + 5*o**3 + 65*o - 32*o - 36*o. What is the remainder when f(2) is divided by 27?
19
Let n = 365 + -353. What is the remainder when 249 is divided by n?
9
Let n(q) = -54*q + 3. Let j be n(1). Let d = -8 - j. What is the remainder when d is divided by 23?
20
Let d = -101 + 116. Calculate the remainder when 53 is divided by d.
8
Let y be (73 - -2)/((-9)/(-6)). Suppose 0 = 4*i - y + 14. Calculate the remainder when 17 is divided by -27*(2 + (-21)/i).
8
Let x(h) = 12*h - 22. Let r(m) = -4*m + 7. Let a(v) = -16*r(v) - 5*x(v). Calculate the remainder when 25 is divided by a(4).
11
Let y = 9 - 5. Suppose -y*g = 1 - 81. What is the remainder when (-1)/(4/4) - -38 is divided by g?
17
Let m(c) = 8*c - 7. Let x(n) = -9*n + 8. Let a(q) = -3*m(q) - 2*x(q). What is the remainder when a(-4) is divided by 10?
9
Let p(x) = 3*x**2. Suppose a = 6*a - 5. Calculate the remainder when p(a) is divided by 9/(-6)*6/(-9).
0
Suppose -s + 97 = 2*o, 0*o + 2*o - 4*s = 82. What is the remainder when o is divided by 29?
18
Calculate the remainder when 283 is divided by 18/(231/(-28) + 9).
19
Let d = -118 + 142. What is the remainder when 92 is divided by d?
20
Let l = 163 + -151. Calculate the remainder when 45 is divided by l.
9
Let k = 95 + -12. Let r = 96 - k. What is the remainder when 35 is divided by r?
9
Suppose 0 = 2*s + s - 78. What is the remainder when 50 is divided by 20/15*(s/4 - 2)?
2
Let p(c) = -c**3 - 6*c**2 + 5*c - 10. Let h be p(-6). Calculate the remainder when -57*(3/(-9) + 0) is divided by 140/(-40)*h/14.
9
Let u be (-76)/(-14) + (-16)/(-28). Suppose u*f = 8*f + 6. What is the remainder when 59 is divided by 10*(f/(-6) + 1)?
14
Suppose 57 = 3*c + 6. Let h be (3 - -1) + 4/(-2). Suppose 0 = -h*l - l + 12. What is the remainder when c is divided by l?
1
Let k(b) = -2*b + 2. Let x be 48/15 + 2/(-10). Let n be k(x). Calculate the remainder when (-4)/((-12)/(-33))*n is divided by 15.
14
Let a = -2120 + 2156. What is the remainder when 47 is divided by a?
11
Let g = -160 - -67. Let m = 136 + g. Suppose 4*q = 46 - 2. What is the remainder when m is divided by q?
10
Calculate the remainder when 142 is divided by 1860/25 + 0 + 4/(-10).
68
Let q = 42 - -18. Suppose 7*p - 4*p - q = 0. What is the remainder when p is divided by 3?
2
Suppose -4*z - 5 = -3*j, -3*j + 4*z + 7 = 2*z. Suppose 0 = -2*d - 8*f + 11*f + 11, -60 = -5*d + f. What is the remainder when d is divided by j?
1
Let l = 29 - 15. Suppose 4*f - 38 = -2*i - 10, 2*f + 5*i - l = 0. What is the remainder when 47 is divided by f?
5
Let m(z) = 13*z**2 + 42*z + 3 + 3 - 41*z - z**3. What is the remainder when 35 is divided by m(13)?
16
Let h(i) = 5 + 103*i**3 - 102*i**3 + 6*i**2 - i - i. Suppose -6*z = -z - 65. What is the remainder when h(-3) is divided by z?
12
Let p(v) = -v**3 - v**2 + v. Let c be p(2). Let t = 41 - 32. What is the remainder when ((-16)/c)/(3/45) is divided by t?
6
Let k = 7 + 5. Let n = -188 - -203. Calculate the remainder when n is divided by (-6*k/9)/(-2).
3
Let y = -2032 - -2175. Calculate the remainder when y is divided by 29.
27
Let t(n) = -2*n**2 - 25*n + 18. Let u be t(-13). Suppose -4*f + 48 = -2*f + 5*s, u*s + 50 = 5*f. What is the remainder when 26 is divided by f?
12
Suppose 5*c - 23 = -33. What is the remainder when c + (-16)/(-7) + (-556)/(-14) is divided by 7?
5
Let q = -161 - -167. What is the remainder when 23 is divided by q?
5
Let p(g) = -g**3 - g - 3. Let h = -35 + 39. Suppose 97 = h*o - 3*q, 18 = 5*o - 5*q - 107. What is the remainder when p(-4) is divided by o?
21
Suppose 9*r = 4*r + 30. Suppose -r*f = -f - 265. Calculate the remainder when f is divided by 3/((-9)/(-8))*(-126)/(-24).
11
Let v = -76 - -282. What is the remainder when v is divided by 23?
22
What is the remainder when (10/(-6))/((-4)/276) is divided by 30?
25
Suppose -y = 4*h - 32, -3*h - 2*y = -7*h + 20. Let k = 46 + -3. Suppose k = 2*s - 5*w, 3*s = -4*w - 0*w + h. Calculate the remainder when 26 is divided by s.
8
Suppose 0*h + h = 2, 5*h + 935 = 5*l. Let c be 63/(-105) - (-306)/(-5)*2. Let j = c + l. Calculate the remainder when j is divided by 17.
15
Let t be (-175)/(-28) - ((-15)/12)/(-5). Suppose -4*p = -2*o - 140, t*o + 8 = 8*o. Calculate the remainder when p is divided by 11.
4
Suppose 4*r + 221 = i, 10*r = 12*r - 6. Calculate the remainder when i is divided by 224.
9
Let l(t) = 2*t**2 + 40*t - 19. Suppose 147*p - 105 = 152*p. Calculate the remainder when 136 is divided by l(p).
21
Let q = -7 - -28. Suppose -5*t + 4*t + 8 = 0. Calculate the remainder when q is divided by t.
5
Suppose 8*s + 4*t - 307 = 3*s, 121 = 2*s + t. Calculate the remainder when s is divided by 1*-4*(-46)/8.
13
Let z(r) be the third derivative of r**5/30 - r**4/6 - 5*r**3/6 + r**2. Suppose -184 = 295*l - 303*l. What is the remainder when z(6) is divided by l?
20
Suppose -3*a + 0*v = 4*v + 3, 5*v + 6 = -3*a. Let j = a + 14. Suppose 4*n - 187 = -3*t, 0*n + 4*t = -3*n + 135. What is the remainder when n is divided by j?
15
Suppose -5*u + 25 = 0, 65 = -21*f + 26*f + 4*u. What is the remainder when 14 is di